actors of 123907.
7, 31, 571
List the prime factors of 612251.
73, 8387
List the prime factors of 106179.
3, 35393
What are the prime factors of 20567?
131, 157
List the prime factors of 11361466.
2, 5680733
What are the prime factors of 4799748?
2, 3, 399979
List the prime factors of 491278.
2, 245639
List the prime factors of 2774221.
31, 89491
List the prime factors of 17859565.
5, 31, 115223
What are the prime factors of 5176253?
5176253
What are the prime factors of 319128?
2, 3, 13297
What are the prime factors of 1970952?
2, 3, 41, 2003
What are the prime factors of 121136?
2, 67, 113
What are the prime factors of 1204184?
2, 150523
What are the prime factors of 2667234?
2, 3, 444539
What are the prime factors of 1475049?
3, 337, 1459
What are the prime factors of 169795?
5, 29, 1171
List the prime factors of 48457.
47, 1031
What are the prime factors of 534283?
534283
List the prime factors of 8648413.
8648413
What are the prime factors of 12268?
2, 3067
List the prime factors of 6108366.
2, 3, 11, 92551
List the prime factors of 1695412.
2, 423853
List the prime factors of 30893978.
2, 283, 54583
What are the prime factors of 172485?
3, 5, 3833
List the prime factors of 23987913.
3, 83, 96337
List the prime factors of 2922419.
17, 103, 1669
What are the prime factors of 649301?
79, 8219
What are the prime factors of 169328?
2, 19, 557
What are the prime factors of 3286433?
659, 4987
List the prime factors of 2169.
3, 241
What are the prime factors of 746639?
149, 5011
What are the prime factors of 627035?
5, 125407
List the prime factors of 372430.
2, 5, 37243
List the prime factors of 471484.
2, 13, 9067
List the prime factors of 868666.
2, 17, 29, 881
List the prime factors of 12434222.
2, 1741, 3571
List the prime factors of 1247081.
11, 113371
What are the prime factors of 863259?
3, 23, 12511
List the prime factors of 86760.
2, 3, 5, 241
What are the prime factors of 1994699?
7, 284957
What are the prime factors of 189307?
189307
List the prime factors of 6385114.
2, 61, 199, 263
What are the prime factors of 3082620?
2, 3, 5, 83, 619
What are the prime factors of 83096?
2, 13, 17, 47
What are the prime factors of 3990740?
2, 5, 13, 15349
List the prime factors of 38569.
38569
What are the prime factors of 21064845?
3, 5, 1404323
What are the prime factors of 655233?
3, 37, 5903
What are the prime factors of 1467416?
2, 31, 61, 97
List the prime factors of 10333787.
10333787
List the prime factors of 583713.
3, 13, 1663
List the prime factors of 2507417.
11, 227947
What are the prime factors of 1624665?
3, 5, 7, 15473
What are the prime factors of 334057?
334057
What are the prime factors of 4685451?
3, 1561817
What are the prime factors of 5004363?
3, 7, 13, 23, 797
List the prime factors of 14898425.
5, 43, 13859
List the prime factors of 3306155.
5, 661231
What are the prime factors of 64791?
3, 23, 313
What are the prime factors of 17972115?
3, 5, 7, 171163
What are the prime factors of 9515814?
2, 3, 7, 11, 43, 479
List the prime factors of 581146.
2, 277, 1049
What are the prime factors of 49558?
2, 71, 349
What are the prime factors of 1896569?
67, 28307
List the prime factors of 105105.
3, 5, 7, 11, 13
List the prime factors of 8886501.
3, 13, 151, 503
List the prime factors of 21169986.
2, 3, 3528331
What are the prime factors of 564220?
2, 5, 28211
List the prime factors of 773772.
2, 3, 17, 3793
What are the prime factors of 212072?
2, 7, 541
What are the prime factors of 3335595?
3, 5, 67, 3319
List the prime factors of 4997137.
439, 11383
List the prime factors of 3990820.
2, 5, 37, 5393
What are the prime factors of 384046?
2, 13, 14771
What are the prime factors of 2618248?
2, 293, 1117
What are the prime factors of 697126?
2, 348563
What are the prime factors of 3646164?
2, 3, 311, 977
What are the prime factors of 3436944?
2, 3, 7, 53, 193
List the prime factors of 927562.
2, 463781
What are the prime factors of 6951427?
7, 41, 53, 457
List the prime factors of 11967478.
2, 419, 14281
List the prime factors of 1598536.
2, 211, 947
List the prime factors of 8422762.
2, 31, 135851
What are the prime factors of 114412?
2, 28603
List the prime factors of 9892721.
719, 13759
List the prime factors of 352580.
2, 5, 17, 61
List the prime factors of 102051.
3, 17, 23, 29
List the prime factors of 6985139.
7, 997877
List the prime factors of 12625309.
12625309
What are the prime factors of 2181?
3, 727
What are the prime factors of 878869?
878869
What are the prime factors of 3237384?
2, 3, 43, 3137
List the prime factors of 33534.
2, 3, 23
List the prime factors of 70667.
70667
What are the prime factors of 81589?
83, 983
What are the prime factors of 25067605?
5, 17, 41, 7193
List the prime factors of 3054272.
2, 13, 3671
What are the prime factors of 293982?
2, 3, 13, 3769
What are the prime factors of 23169062?
2, 7, 17, 13907
List the prime factors of 381411.
3, 42379
What are the prime factors of 1291333?
43, 59, 509
What are the prime factors of 2883809?
23, 125383
What are the prime factors of 576706?
2, 13, 41, 541
What are the prime factors of 1497361?
41, 59, 619
List the prime factors of 1518974.
2, 19, 71, 563
What are the prime factors of 331377?
3, 110459
What are the prime factors of 456224?
2, 53, 269
What are the prime factors of 2143696?
2, 133981
List the prime factors of 1361422.
2, 193, 3527
List the prime factors of 63617.
63617
What are the prime factors of 945185?
5, 23, 8219
List the prime factors of 750675.
3, 5, 10009
List the prime factors of 74124.
2, 3, 29, 71
What are the prime factors of 531641?
11, 17, 2843
What are the prime factors of 16415269?
13, 1262713
List the prime factors of 656506.
2, 17, 19309
List the prime factors of 3643077.
3, 239, 5081
What are the prime factors of 2230544?
2, 139409
What are the prime factors of 1005427?
1005427
List the prime factors of 1199327.
109, 11003
What are the prime factors of 18449?
19, 971
List the prime factors of 3437776.
2, 29, 31, 239
List the prime factors of 9959851.
11, 23, 39367
List the prime factors of 450154.
2, 225077
List the prime factors of 365227.
37, 9871
What are the prime factors of 6071802?
2, 3, 11, 91997
What are the prime factors of 5083930?
2, 5, 508393
What are the prime factors of 19038067?
19038067
List the prime factors of 3974180.
2, 5, 7, 28387
What are the prime factors of 6422782?
2, 107, 30013
What are the prime factors of 525386?
2, 262693
What are the prime factors of 1875312?
2, 3, 1447
What are the prime factors of 194414?
2, 11, 8837
What are the prime factors of 13686280?
2, 5, 463, 739
List the prime factors of 3043287.
3, 13, 19, 37
List the prime factors of 2524259.
2524259
List the prime factors of 6460638.
2, 3, 1076773
What are the prime factors of 477459?
3, 53051
What are the prime factors of 613920?
2, 3, 5, 1279
What are the prime factors of 53449?
11, 43, 113
What are the prime factors of 169971?
3, 53, 1069
What are the prime factors of 1796481?
3, 31, 47, 137
What are the prime factors of 9083002?
2, 4541501
What are the prime factors of 146003?
11, 13, 1021
List the prime factors of 2999227.
7, 11, 3541
What are the prime factors of 300273?
3, 101, 991
List the prime factors of 386162.
2, 7, 27583
List the prime factors of 3392985.
3, 5, 226199
List the prime factors of 219150.
2, 3, 5, 487
What are the prime factors of 15990063?
3, 677, 7873
List the prime factors of 269667.
3, 19, 83
List the prime factors of 319524.
2, 3, 26627
What are the prime factors of 937878?
2, 3, 19, 433
What are the prime factors of 1702590?
2, 3, 5, 19, 29, 103
What are the prime factors of 447917?
401, 1117
List the prime factors of 1998056.
2, 23, 10859
What are the prime factors of 3862770?
2, 3, 5, 331, 389
List the prime factors of 3064864.
2, 11, 8707
What are the prime factors of 1583489?
37, 42797
List the prime factors of 362795.
5, 72559
What are the prime factors of 3297572?
2, 824393
List the prime factors of 297755.
5, 17, 31, 113
List the prime factors of 374175.
3, 5, 1663
What are the prime factors of 2141240?
2, 5, 199, 269
List the prime factors of 107173.
11, 9743
List the prime factors of 367070.
2, 5, 11, 47, 71
List the prime factors of 649980.
2, 3, 5, 23, 157
What are the prime facto